ivide 5417?
False
Is 168 a multiple of 9?
False
Does 3 divide 21?
True
Does 35 divide 6612?
False
Is 3 a factor of 40574?
False
Is 1683 a multiple of 5?
False
Is 20286 a multiple of 147?
True
Is 5 a factor of 430?
True
Is 9 a factor of 729?
True
Is 100 a factor of 2300?
True
Is 1566 a multiple of 27?
True
Is 1982 a multiple of 10?
False
Is 59769 a multiple of 29?
True
Is 29 a factor of 2465?
True
Does 57 divide 20691?
True
Is 65482 a multiple of 58?
True
Is 842 a multiple of 23?
False
Does 29 divide 1218?
True
Is 1190 a multiple of 17?
True
Does 13 divide 715?
True
Is 2941 a multiple of 17?
True
Is 13 a factor of 325?
True
Does 47 divide 61899?
True
Does 52 divide 1263?
False
Is 34 a factor of 1156?
True
Is 330 a factor of 50820?
True
Is 20 a factor of 10960?
True
Is 17 a factor of 17419?
False
Is 9 a factor of 63?
True
Does 16 divide 596?
False
Is 16 a factor of 624?
True
Is 47 a factor of 1363?
True
Is 22052 a multiple of 148?
True
Does 11 divide 2640?
True
Does 5 divide 10925?
True
Is 47 a factor of 1363?
True
Is 27 a factor of 51817?
False
Does 30 divide 890?
False
Is 2200 a multiple of 55?
True
Is 230 a multiple of 5?
True
Does 60 divide 15660?
True
Is 125 a factor of 20000?
True
Is 3 a factor of 249?
True
Does 62 divide 24138?
False
Is 3 a factor of 104?
False
Does 7 divide 12967?
False
Is 60 a factor of 5580?
True
Is 425 a multiple of 32?
False
Is 4255 a multiple of 13?
False
Is 795 a multiple of 159?
True
Is 105 a multiple of 15?
True
Is 55 a factor of 837?
False
Is 20 a factor of 120?
True
Does 17 divide 1482?
False
Is 11 a factor of 5754?
False
Does 44 divide 2535?
False
Is 7756 a multiple of 24?
False
Does 31 divide 372?
True
Is 16434 a multiple of 12?
False
Does 62 divide 1178?
True
Is 8 a factor of 880?
True
Does 226 divide 24182?
True
Does 79 divide 6557?
True
Does 17 divide 8160?
True
Is 102 a factor of 18564?
True
Is 26 a factor of 650?
True
Does 6 divide 522?
True
Is 6640 a multiple of 166?
True
Is 9628 a multiple of 166?
True
Does 12 divide 318?
False
Does 56 divide 30128?
True
Is 1220 a multiple of 30?
False
Is 112 a multiple of 14?
True
Is 1368 a multiple of 38?
True
Does 4 divide 589?
False
Does 12 divide 1595?
False
Is 60 a factor of 1380?
True
Is 57 a factor of 1254?
True
Is 19499 a multiple of 9?
False
Is 53 a factor of 27578?
False
Is 36 a factor of 8097?
False
Is 173 even?
False
Does 7 divide 1748?
False
Does 16 divide 1891?
False
Does 9 divide 126?
True
Is 31 a factor of 25952?
False
Is 2772 a multiple of 33?
True
Is 1300 a multiple of 17?
False
Does 34 divide 4624?
True
Is 15 a factor of 778?
False
Is 19377 a multiple of 222?
False
Is 3490 a multiple of 24?
False
Is 25805 a multiple of 88?
False
Does 16 divide 87008?
True
Is 99 a factor of 12474?
True
Does 40 divide 23583?
False
Is 8 a factor of 303?
False
Is 60 a factor of 9840?
True
Is 462 a multiple of 42?
True
Does 17 divide 35388?
False
Is 2301 a multiple of 298?
False
Is 8 a factor of 13356?
False
Is 1744 a multiple of 12?
False
Is 59 a factor of 19824?
True
Is 16 a factor of 13341?
False
Does 65 divide 443?
False
Is 22 a factor of 7128?
True
Is 150 a multiple of 3?
True
Is 1802 a multiple of 52?
False
Is 2074 a multiple of 17?
True
Is 18 a factor of 2592?
True
Does 60 divide 2880?
True
Does 158 divide 10744?
True
Does 83 divide 8378?
False
Is 15 a factor of 11445?
True
Is 23 a factor of 90455?
False
Does 110 divide 5460?
False
Does 18 divide 14004?
True
Is 18 a factor of 14809?
False
Is 3397 a multiple of 15?
False
Is 43 a factor of 44381?
False
Does 13 divide 3163?
False
Is 1824 a multiple of 12?
True
Does 21 divide 3927?
True
Is 2728 a multiple of 39?
False
Is 30 a factor of 360?
True
Is 28 a factor of 560?
True
Does 85 divide 53975?
True
Does 59 divide 5000?
False
Does 11 divide 1828?
False
Does 50 divide 110923?
False
Does 61 divide 1952?
True
Is 15 a factor of 150?
True
Is 40411 a multiple of 251?
True
Is 5 a factor of 168?
False
Does 5 divide 3287?
False
Is 46 a factor of 3128?
True
Does 12 divide 1698?
False
Does 22 divide 13936?
False
Is 1961 a multiple of 53?
True
Is 10 a factor of 630?
True
Is 20 a factor of 24136?
False
Is 13 a factor of 1782?
False
Is 27 a factor of 1263?
False
Is 2774 a multiple of 9?
False
Is 14 a factor of 2926?
True
Is 22 a factor of 264?
True
Does 64 divide 2368?
True
Does 29 divide 10498?
True
Is 23408 a multiple of 7?
True
Does 231 divide 13860?
True
Is 115 a multiple of 5?
True
Does 22 divide 9856?
True
Is 6766 a multiple of 6?
False
Is 7 a factor of 1293?
False
Does 5 divide 7180?
True
Is 406 a multiple of 31?
False
Is 19 a factor of 25327?
True
Is 1420 a multiple of 20?
True
Does 21 divide 2646?
True
Does 5 divide 38?
False
Is 7 a factor of 190?
False
Is 3 a factor of 2753?
False
Does 20 divide 173?
False
Is 54 a factor of 594?
True
Does 35 divide 39375?
True
Is 8273 a multiple of 43?
False
Does 33 divide 2557?
False
Is 10009 a multiple of 138?
False
Is 3 a factor of 1262?
False
Does 24 divide 4392?
True
Is 42 a factor of 86360?
False
Is 6 a factor of 504?
True
Does 3 divide 7?
False
Does 19 divide 37900?
False
Does 47 divide 59?
False
Is 97 a multiple of 14?
False
Is 4459 a multiple of 91?
True
Is 21630 a multiple of 21?
True
Is 25872 a multiple of 231?
True
Does 11 divide 47399?
True
Does 27 divide 675?
True
Is 10 a factor of 5958?
False
Does 22 divide 330?
True
Is 47 a factor of 224?
False
Is 74 a factor of 4005?
False
Does 12 divide 2144?
False
Is 216 a multiple of 6?
True
Is 955 a multiple of 27?
False
Is 89 a factor of 36964?
False
Does 18 divide 17496?
True
Is 6523 a multiple of 36?
False
Is 5 a factor of 152?
False
Is 3552 a multiple of 14?
False
Is 804 a multiple of 2?
True
Is 29 a factor of 567?
False
Is 15 a factor of 1125?
True
Is 32938 a multiple of 9?
False
Is 5680 a multiple of 71?
True
Does 7 divide 161?
True
Is 24 a factor of 7416?
True
Is 1327 a multiple of 45?
False
Is 3 a factor of 1749?
True
Does 7 divide 70?
True
Is 35 a factor of 6453?
False
Is 119 a factor of 4794?
False
Is 444 a multiple of 4?
True
Does 29 divide 1392?
True
Does 28 divide 18816?
True
Is 15 a factor of 59368?
False
Is 672 a multiple of 14?
True
Is 112993 a multiple of 19?
True
Is 31 a multiple of 31?
True
Is 46 a factor of 966?
True
Is 15 a factor of 17310?
True
Does 15 divide 225?
True
Is 7 a factor of 14833?
True
Is 5965 a multiple of 15?
False
Does 13 divide 585?
True
Is 1090 a multiple of 45?
False
Is 30 a factor of 3695?
False
Does 122 divide 27206?
True
Is 9696 a multiple of 52?
False
Does 53 divide 3090?
False
Is 9204 a multiple of 117?
False
Is 1812 a multiple of 6?
True
Does 2 divide 455?
False
Is 3309 a multiple of 12?
False
Is 3 a factor of 89?
False
Is 10 a factor of 58?
False
Is 581 a multiple of 57?
False
Is 1562 a multiple of 68?
False
Is 4700 a multiple of 25?
True
Does 16 divide 38656?
True
Is 462 a multiple of 13?
False
Is 45 a factor of 94725?
True
Is 133 a factor of 2926?
True
Is 518 a multiple of 5?
False
Is 220 a multiple of 110?
True
Is 70 a multiple of 2?
True
Is 97 a factor of 4656?
True
Does 5 divide 36325?
True
Is 16 a factor of 1987?
False
Does 16 divide 3517?
False
Is 10 a factor of 487?
False
Is 160 a multiple of 8?
True
Is 42 a factor of 1050?
True
Is 966 a multiple of 42?
True
Is 18 a factor of 60167?
False
Does 22 divide 8465?
False
Does 19 divide 216?
False
Is 826 a multiple of 7?
True
Does 13 divide 103857?
True
Does 25 divide 4089?
False
Is 576 a multiple of 36?
True
Is 13 a factor of 39?
True
Does 81 divide 11664?
True
Is 6 a factor of 5066?
False
Is 228 a factor of 19269?
False
Does 20 divide 840?
True
Is 2520 a multiple of 15?
True
Does 5 divide 55?
True
Is 101326 a multiple of 18?
False
Is 54 a factor of 11880?
True
Does 4 divide 3704?
True
Is 1075 a multiple of 17?
False
Does 18 divide 54?
True
Does 24 divide 8688?
True
Is 13 a factor of 9230?
True
Is 1140 a multiple of 26?
False
Is 39 a factor of 6240?
True
Does 180 divide 80120?
False
Does 115 divide 4945?
True
Does 15 divide 128541?
False
Does 5 divide 1185?
True
Is 69 a factor of 29394?
True
Does 58 divide 3074?
True
Does 8 divide 55613?
False
Is 8932 a multiple of 57?
False
Is 56388 a multiple of 222?
True
Is 3329 a multiple of 8?
False
Is 120 a multiple of 14?
False
Is 11128 a multiple of 52?
True
Does 4 divide 428?
True
Is 10 a 